 v be f(3). Let a = v - -107. List the prime factors of (-48)/(-40)*a/(-4).
3, 5
Let c = 20 - 12. Suppose 0 = 5*h - c*h + 9. Suppose -36 = m - h*m. What are the prime factors of m?
2, 3
Suppose 0*f + 6 = 3*f, -5*f - 845 = -5*p. What are the prime factors of p?
3, 19
Let v be 7 - 0 - (2 + -5 + 5). Suppose -2*m - 3*m - v*t + 825 = 0, 5*m - 843 = t. What are the prime factors of m?
2, 3, 7
Suppose f = -4, 3*f = -0*j - 4*j + 24. List the prime factors of (-14)/(-4)*(33 - j).
2, 3, 7
Suppose 6 = 4*c - 3*s - 4, s + 3 = c. Suppose -d - 5*v + 2 = -19, -v = c. What are the prime factors of d?
2, 13
Suppose 4*h + 9 = 5*h. Let o be h/2*100/15. Suppose 4*n - 130 = o. List the prime factors of n.
2, 5
Suppose -5*s + 0*s - 65 = 0. Let u(b) = 38*b. Let l be u(1). Let t = s + l. What are the prime factors of t?
5
Let m be (13 - 9)*(-6)/(-8). Let v be (-41)/(-3) - (-5)/15. Let g = v - m. List the prime factors of g.
11
Let x = 221 - -39. Suppose 19*d - 14*d = x. Suppose -d*y + 48*y = -68. What are the prime factors of y?
17
Let k be -4 - 10/(9/(-6) - -2). What are the prime factors of 1074/(-4)*16/k?
179
What are the prime factors of 2*281 - (-60 + 60)?
2, 281
Let a be (-14)/4*(1 + 3). Let w(o) = -2*o**2 - 1. Let s(p) = 11*p**2 + 16*p - 1. Let x(u) = -s(u) - 5*w(u). What are the prime factors of x(a)?
2, 17
List the prime factors of (-135*(-10)/60)/(1/22).
3, 5, 11
Suppose 78*w - 16452 - 4764 = 0. List the prime factors of w.
2, 17
Suppose 0 = -5*w + 2*j + 205, -2*w + 28 = -j - 53. Let b = w - 18. List the prime factors of b.
5
Let m be 5 - (-1 + 2 + 2). Suppose 80 = m*y + p, 108 + 56 = 4*y + p. What are the prime factors of y?
2, 3, 7
Let y(n) = 5*n + 1033. What are the prime factors of y(0)?
1033
Suppose 5*k - 22 - 22 = -x, -4*k + 3*x + 39 = 0. Suppose -12 = -2*h - 3*w, -5*w + 11 = -4*h - k. Let y = h - -4. List the prime factors of y.
2
Let u(p) be the third derivative of p**6/120 + 7*p**5/20 + 19*p**4/24 + 8*p**3/3 + 11*p**2. List the prime factors of u(-20).
2, 3
Suppose -2 = -2*w + 2*s - 12, 0 = w - 3*s - 3. Let p = w - -19. Let q = 12 - p. List the prime factors of q.
2
Let l(w) = -w**3 - 6*w**2 + 6*w + 1. Let d be l(-7). Let q be 4 + (4 - d - -3). Suppose -q*n + 16 = -38. List the prime factors of n.
2, 3
Let m(p) = 38*p**2 + 1. List the prime factors of m(2).
3, 17
Suppose 0 = -59*d + 55*d + 2952. What are the prime factors of d?
2, 3, 41
Suppose 10*p - 1613 = 7697. What are the prime factors of p?
7, 19
Let c = -98 - -238. Let y be c/21 + (-2)/3. Suppose 2*m - 3*n = 57, 81 = 3*m - y*n + 3*n. What are the prime factors of m?
2, 3
Let i(c) = -c**3 - 9*c**2 - 18*c - 25. What are the prime factors of i(-10)?
3, 5, 17
Let y be (-38)/(-10) - (-5)/(2 + 23). Suppose 5*q + 2268 - 618 = 5*w, -y*q = -2*w + 654. List the prime factors of w.
3, 37
Suppose 0 = -0*j - j + 3. Suppose 2*c + 10 = j*c. Suppose -5*v + 3*d + 146 = 0, v = 5*d - c*d + 46. What are the prime factors of v?
31
List the prime factors of (8/(-6))/((-20)/105) + 1211.
2, 3, 7, 29
Let x = 155 - 139. What are the prime factors of x?
2
What are the prime factors of 9/((-18)/12 + 2)?
2, 3
Let d = 181 + 48. Suppose 2*o = d - 29. What are the prime factors of o?
2, 5
Let d(x) = 2*x + 2 - 2*x + x**2. Let y = 74 - 79. What are the prime factors of d(y)?
3
Let g(s) = -3*s**3 + s**2 + 2*s + 1. Let r be g(-1). Suppose -2*u + 0*a = -5*a + 7, r*a - 27 = 5*u. What are the prime factors of (-3)/u*(-1 - -11)?
5
Let y(v) = -v**3 + 15*v**2 + 19*v + 22. Let q be y(16). What are the prime factors of (-5)/q*-3386 + (-1)/(-7)?
2, 11
Let m = -5 + 1576. List the prime factors of m.
1571
Let u(h) = h**3 - 23*h**2 - 13*h - 17. List the prime factors of u(24).
13, 19
Let k(f) = f**2 + 2*f + 19. Let m be k(0). Let y = 37 - m. List the prime factors of y.
2, 3
Let l = 98 - 86. What are the prime factors of (-5768)/(-48) + (-2)/l?
2, 3, 5
Suppose 0 = -5*w, 0*k = -k + 5*w + 3. Suppose -570 = -2*x - k*x. Let r = x - 71. What are the prime factors of r?
43
Suppose y - 4*y = -5*n - 1381, 2285 = 5*y - 5*n. List the prime factors of y.
2, 113
Let m(j) = j**2 - 4*j + 2. List the prime factors of m(-3).
23
Suppose -106 = 6*n + 20. Let u = n - -28. What are the prime factors of u?
7
What are the prime factors of -5*(-2)/2 + (-13 - -653)?
3, 5, 43
Suppose -12970 = -2857*o + 2847*o. What are the prime factors of o?
1297
Let p be 3/2*1060/(-15). Let v = 179 + p. List the prime factors of v.
73
Suppose -b + 54 = 5*t, -82 = 2*b - 5*b + 5*t. Let u be 69/15*(-3 - -8). Suppose -u - b = -3*x. List the prime factors of x.
19
Suppose -4*v - 5*t = -0*t - 831, 4*v + t = 851. List the prime factors of v.
2, 107
Let q = -9 + 2. Let a = q - -12. Suppose 16 = l + a. List the prime factors of l.
11
Let n = -35 + 33. Let t(p) = -15*p + 5. What are the prime factors of t(n)?
5, 7
Let o be (97 - 0/(-2))/1. Let q = o + -44. List the prime factors of q.
53
Suppose 0 = -0*f + 3*f. Let d be 2 + 17 - (1 + f). Let p = d + -6. List the prime factors of p.
2, 3
Let x = 5635 + -3260. What are the prime factors of x?
5, 19
Suppose 0 = -4*z + 2*z + 10. Suppose 771 = z*v - 289. List the prime factors of v.
2, 53
Let k(l) = -l**3 + 17*l**2 + 19*l - 6. Let y be k(18). Let m be (-1 + 16/y)*-87. Let t = m + 70. List the prime factors of t.
41
Let m = 33 - 106. Let x = m - -360. What are the prime factors of x?
7, 41
Let l(k) = -2*k**3 + 6*k**2 + 17*k + 12. List the prime factors of l(-5).
3, 109
What are the prime factors of (48/72)/((-4)/(-5082))?
7, 11
Let n be (-1)/(1 + -2 - 0). Suppose -14 = 3*w - 4*w. Suppose -n = -o + w. List the prime factors of o.
3, 5
Suppose 13*b = 17006 + 17002. What are the prime factors of b?
2, 3, 109
Let u = -32 + 36. Suppose -w - u*x + 1 = -17, 0 = -3*w + 2*x + 12. Suppose 0 = w*i - 2*i - 140. What are the prime factors of i?
5, 7
Let j(i) be the third derivative of -i**6/120 + i**5/10 - 4*i**3/3 - 2*i**2. Let a be j(6). Let n = a + 14. List the prime factors of n.
2, 3
Suppose -56 = -8*w + w. Suppose w*s - 1086 = 2*s. What are the prime factors of s?
181
Let m(r) = -r**2 + 13*r - 12. Let y be m(6). Let g = y + 5. Suppose 0 = 2*a + 2*p - 54, -4*a + 88 = -p - g. List the prime factors of a.
2, 3, 5
Let z be (-6)/((-4)/16*-1). What are the prime factors of 45*-5*z/100?
2, 3
What are the prime factors of (-2)/(-10) - 21420/(-25)?
857
Let b = -854 + 1235. What are the prime factors of b?
3, 127
Suppose 45*k - 12102 = 39*k. List the prime factors of k.
2017
Let k(b) = 2002*b**2 - 5*b - 4. List the prime factors of k(-1).
2003
Let n(z) = z**3 - z - 1. Let r(g) = -5*g**3 - 3*g**2 + 12*g + 4. Let f(k) = 6*n(k) + r(k). List the prime factors of f(2).
2, 3
Suppose 0 = -z - z + 8. Suppose 4*g = 2*n, -z*g - 20 = 4*n - 2*g. What are the prime factors of 0*4/n - -3?
3
Let y(v) = v**2 - 6*v + 3. Let s be 3 + ((-6)/(-1))/3. Let z be y(s). What are the prime factors of (-1)/(z/6)*3?
3
Let j(n) = -n + 10. List the prime factors of j(-8).
2, 3
Suppose 0 = 7*s - 6 - 8. Suppose -14 = -s*i + 58. What are the prime factors of i?
2, 3
Let l = 11 + -9. Let a be l/6 - 140/(-30). Suppose -87 = -5*z - 3*r, a*r - 3*r - 52 = -3*z. List the prime factors of z.
2, 3
Let x = 1880 - -3367. List the prime factors of x.
3, 11, 53
Let u(h) be the second derivative of 5*h**4/12 - 5*h**3/3 + 15*h**2/2 + 41*h. What are the prime factors of u(5)?
2, 3, 5
Let s(d) = -d**2 + 7*d + 14. Let m be s(10). What are the prime factors of (-24)/m*96/9?
2
Let w(y) = y**2 - 5*y. Let z be w(5). Let q(j) = 8 - 3 + 11 + 2*j + 10. List the prime factors of q(z).
2, 13
Let g(o) = o**3 - 10*o**2 + 10*o - 5. Let a be g(9). List the prime factors of 2403/18*a/6.
89
Suppose -4*q - 3*q = -35. Suppose -5*y = 5*k - 365, -q*y + 2*k + 162 = -3*y. List the prime factors of y.
7, 11
Suppose -3*i - 2*i - 60 = 0. Let c(a) = 2*a**2 + 24*a + 44. Let k be c(-2). List the prime factors of k/(-6)*i - -2.
2, 5
Let k = 20 - 25. List the prime factors of (-66)/k - 2/10.
13
Suppose -5*k + 3*h = -199, -5*h + 26 = 16. What are the prime factors of k?
41
Suppose 17*z + 2296 = 24872. List the prime factors of z.
2, 83
List the prime factors of 28/8*49192/182.
2, 11, 43
Suppose 2*f = -3*k + 1304, f = -3*f - 11*k + 2628. List the prime factors of f.
2, 17, 19
Let v = -785 + 1702. What are the prime factors of v?
7, 131